{"id":10,"date":"2025-11-10T11:09:58","date_gmt":"2025-11-10T10:09:58","guid":{"rendered":"https:\/\/dc-ficient.fr\/?page_id=10"},"modified":"2025-11-10T11:42:05","modified_gmt":"2025-11-10T10:42:05","slug":"cedric-ortega-consultant-manager-datacenters-modulaires-traditionnels","status":"publish","type":"page","link":"https:\/\/dc-ficient.fr\/","title":{"rendered":"Qui suis-je ?"},"content":{"rendered":"\n<blockquote class=\"wp-block-quote is-layout-flow wp-block-quote-is-layout-flow\">\n<p>Je suis \u00e0 votre disposition pour vous accompagner dans vos projets (France ou Europe) lors de missions techniques ou strat\u00e9giques.<\/p>\n\n\n\n<p>Mon profil : polyvalent, ind\u00e9pendant, pragmatique et didactique<\/p>\n\n\n\n<p>Mais plus que des mots, un r\u00e9sum\u00e9 de mon parcours sous forme de pseudo CV saura mieux vous \u00e9clairer !<\/p>\n<\/blockquote>\n\n\n\n<div data-wp-interactive=\"core\/file\" class=\"wp-block-file\"><object data-wp-bind--hidden=\"!state.hasPdfPreview\" hidden class=\"wp-block-file__embed\" data=\"https:\/\/dc-ficient.fr\/wp-content\/uploads\/2025\/11\/Cedric-ORTEGA.pdf\" type=\"application\/pdf\" style=\"width:100%;height:600px\" aria-label=\"Contenu embarqu\u00e9 C\u00e9dric ORTEGA.\"><\/object><a id=\"wp-block-file--media-ae066bc7-e665-448b-b213-763334d1db6f\" href=\"https:\/\/dc-ficient.fr\/wp-content\/uploads\/2025\/11\/Cedric-ORTEGA.pdf\">C\u00e9dric ORTEGA<\/a><a href=\"https:\/\/dc-ficient.fr\/wp-content\/uploads\/2025\/11\/Cedric-ORTEGA.pdf\" class=\"wp-block-file__button wp-element-button\" download aria-describedby=\"wp-block-file--media-ae066bc7-e665-448b-b213-763334d1db6f\">T\u00e9l\u00e9charger<\/a><\/div>\n\n\n\n<div class=\"wp-block-group\"><div class=\"wp-block-group__inner-container is-layout-constrained wp-block-group-is-layout-constrained\">\n<p><\/p>\n\n\n\n<p class=\"has-text-align-center has-small-font-size\" style=\"font-style:normal;font-weight:100\"><strong>DC-FICIENT<\/strong><\/p>\n\n\n\n<p class=\"has-text-align-center has-small-font-size\" style=\"font-style:normal;font-weight:100\">104 route de Tettachenaz &#8211; 74350 CUVAT<\/p>\n\n\n\n<p class=\"has-text-align-center has-small-font-size\" style=\"font-style:normal;font-weight:100\">SASU au capital de 10.000\u20ac &#8211; RCS Annecy en cours d&rsquo;immatriculation<\/p>\n<\/div><\/div>\n\n\n\n<p><\/p>\n","protected":false},"excerpt":{"rendered":"<p>Je suis \u00e0 votre disposition pour vous accompagner dans vos projets (France ou Europe) lors de missions techniques ou strat\u00e9giques. Mon profil : polyvalent, ind\u00e9pendant, pragmatique et didactique Mais plus que des mots, un r\u00e9sum\u00e9 de mon parcours sous forme &hellip; <a href=\"https:\/\/dc-ficient.fr\/\">Continuer la lecture <span class=\"meta-nav\">&rarr;<\/span><\/a><\/p>\n","protected":false},"author":1,"featured_media":0,"parent":0,"menu_order":0,"comment_status":"closed","ping_status":"closed","template":"","meta":{"footnotes":""},"class_list":["post-10","page","type-page","status-publish","hentry"],"_links":{"self":[{"href":"https:\/\/dc-ficient.fr\/index.php?rest_route=\/wp\/v2\/pages\/10","targetHints":{"allow":["GET"]}}],"collection":[{"href":"https:\/\/dc-ficient.fr\/index.php?rest_route=\/wp\/v2\/pages"}],"about":[{"href":"https:\/\/dc-ficient.fr\/index.php?rest_route=\/wp\/v2\/types\/page"}],"author":[{"embeddable":true,"href":"https:\/\/dc-ficient.fr\/index.php?rest_route=\/wp\/v2\/users\/1"}],"replies":[{"embeddable":true,"href":"https:\/\/dc-ficient.fr\/index.php?rest_route=%2Fwp%2Fv2%2Fcomments&post=10"}],"version-history":[{"count":9,"href":"https:\/\/dc-ficient.fr\/index.php?rest_route=\/wp\/v2\/pages\/10\/revisions"}],"predecessor-version":[{"id":32,"href":"https:\/\/dc-ficient.fr\/index.php?rest_route=\/wp\/v2\/pages\/10\/revisions\/32"}],"wp:attachment":[{"href":"https:\/\/dc-ficient.fr\/index.php?rest_route=%2Fwp%2Fv2%2Fmedia&parent=10"}],"curies":[{"name":"wp","href":"https:\/\/api.w.org\/{rel}","templated":true}]}}